Let n be 3 + -5 - -2 - -31. Suppose w - 13 = 4*m, m = 5*w + 5*m + n. What are the prime factors of 0 - (w - -1) - -9?
11
Suppose 5 = -5*m + 20. Let h be (3/4)/(m/(-12)). List the prime factors of -6*2*h/18.
2
Suppose 5*l = 380 - 70. List the prime factors of l.
2, 31
Let j(b) = -b + 7. Suppose 5*s = 10 + 15. List the prime factors of j(s).
2
Suppose 0 = -5*k + 69 + 6. Let b(z) = -1 + k*z - 18*z - 3*z**2 + 4*z**2. What are the prime factors of b(-2)?
3
Let s = 3 + 1. Suppose s - 34 = -5*d. What are the prime factors of d?
2, 3
Suppose -3*h - 15 = 0, -2*h = -5*n - 0*h + 25. Let p(k) = -k**2 + k + 28. Let w be p(0). Suppose n*l + 1 = w. What are the prime factors of l?
3
Let i(m) = 0*m**2 + 3*m + 13*m**3 - 2*m**2 - 4*m. Let w be i(-1). Let l = 25 + w. List the prime factors of l.
11
Let l be 7/7 + 3*14. Let t = l + -23. What are the prime factors of t?
2, 5
Let c be (-460)/(-8)*(-1 + 3). Suppose -c = -5*y + 80. List the prime factors of y.
3, 13
Let k = -10 - -15. Suppose 0 = 3*o - 2*u + k*u - 21, 0 = o - 5*u + 17. What are the prime factors of ((-1)/o)/(1/(-21))?
7
Suppose 3*l - 26 = 5*j, 0*l - 4*l + 25 = 3*j. Suppose l*y = 3*y, h + 3*y = 2. What are the prime factors of h?
2
Let n = -3 + 7. What are the prime factors of n?
2
Suppose 2*i - 5*i + 147 = 0. Suppose 3*n - i = 2*q - 0*q, 0 = -2*n - 4*q + 6. List the prime factors of n.
13
Let f(x) = -x**2 - 13*x + 2. Let u be f(-10). Suppose -6*v = -5*v - u. What are the prime factors of v?
2
Let h = -4 + 4. Let f be (3 - h)/(3 + -2). Suppose 1 = f*p - 2*z, 2*z = 4*p - z. What are the prime factors of p?
3
Let m = -10 - -8. List the prime factors of 186/14 - m/(-7).
13
Let b(y) = y**2 + 10*y + 7. Let m be b(-9). List the prime factors of m/(-4) - 33/(-6).
2, 3
Let b(x) = -x**2 - 9*x - 2. Let q = -6 + -2. Let a be b(q). Suppose -s + a*s = 50. List the prime factors of s.
2, 5
Let c = -74 - -296. What are the prime factors of c?
2, 3, 37
Let r = 6 - 10. Let v be (54/8)/((-1)/r). Let w = -15 + v. What are the prime factors of w?
2, 3
Let y(i) = -5*i**2 + i. Let k be y(2). Let o be (0 + 3 - -2) + -3. List the prime factors of o*(-1)/(4/k).
3
Let o = 81 + -30. List the prime factors of o.
3, 17
Let k(f) = -f**2 + 22. Let y = 6 + -6. What are the prime factors of k(y)?
2, 11
Suppose 0 = 5*i - 3*i - 12. Suppose 15 = i*w - w. List the prime factors of (w/(-4))/(2/(-8)).
3
Suppose -2*v + 4*m = -770, 2*v - 3*m + 8*m = 770. List the prime factors of v.
5, 7, 11
Suppose 3*h = -3*i + 12, 4*h = 7*h + 6. Let r(g) = g**3 - 6*g**2 + 4*g - 7. What are the prime factors of r(i)?
17
Let v(u) = -60*u**3 - u**2 - u - 1. What are the prime factors of v(-1)?
59
Suppose -5*j = 5*h - 180, -2*j + 2*h + 32 = -56. What are the prime factors of j?
2, 5
Let h(k) = -k + 4. Let t be h(-3). Let q = 23 + t. Suppose j + 2*j - q = 0. List the prime factors of j.
2, 5
Suppose -2*c + 40 + 36 = 0. What are the prime factors of c?
2, 19
Suppose 2*r = 6*r - 36. Let u = 4 + r. List the prime factors of u.
13
List the prime factors of 9/((6 - 4)/2).
3
Suppose -q = -2*l + 9, 5*l - 2*q = 2*q + 21. Suppose -2*r = -5*r - 4*k - 10, -l*r - 5*k - 15 = 0. What are the prime factors of (10 + 1)/(r/(-4))?
2, 11
Suppose 4*d + 76 = 4*h, -3*h + 25 + 34 = -5*d. Suppose -4*n = 5*o - 61, -6*n + n - h = -o. List the prime factors of o.
13
Suppose -2*x + 30 = -4*x. Let q be (-2)/(-11) + (-284)/(-11). Let n = q + x. List the prime factors of n.
11
Let t(x) = 4*x + 91. What are the prime factors of t(0)?
7, 13
Let f(d) = 2*d**2 - 10*d - 3. What are the prime factors of f(7)?
5
Suppose 0 = -5*a - 3*t + 213, -4*a + 249 = -4*t + 53. Suppose -4*f = -a - 39. List the prime factors of f.
3, 7
Let u = 23 + -36. Let z = -8 - u. Suppose -z = -2*d + 1. What are the prime factors of d?
3
Let j = 70 + 107. List the prime factors of j.
3, 59
Suppose -2*w + 21 + 11 = 2*n, 0 = 2*n - 10. Let m(s) = -s + 15. Let c be m(w). Suppose -29 + 1 = -c*a. What are the prime factors of a?
7
Let y = -15 + 18. Suppose -78 = y*g - 5*g. List the prime factors of g.
3, 13
Suppose 0*o = -3*o + 111. What are the prime factors of o?
37
Suppose 0 = -x - 0*x - 7. Let k = -3 - x. List the prime factors of (2*-4)/(k/(-6)).
2, 3
Let i(n) = n**3 - 3*n**2 - n + 5. What are the prime factors of i(5)?
2, 5
Let i(w) = -w**2 + 7*w - 1. Let y be 2/6*(-1 + 1). Suppose 19 = 5*x - 3*g - 17, y = g + 2. What are the prime factors of i(x)?
5
Let s(h) = h**2 - 3*h - 5. Let b be s(5). Suppose -7*w + b*w = 46. Let i = w - -41. List the prime factors of i.
2, 3
Let q(g) = g + 26. Let c be q(0). Let o = c + -15. What are the prime factors of o?
11
Let c be -10*(10/4 + -3). Suppose -2*b + c*b - 48 = 0. What are the prime factors of 8/(-6)*(-264)/b?
2, 11
Suppose 15*y = 579 + 321. List the prime factors of y.
2, 3, 5
Suppose 22 = 4*x + 5*t, -3*t = 5*x - 5 - 16. Suppose -z - z + 1 = -3*l, 2*z = -x*l - 5. Let s = z - -4. What are the prime factors of s?
3
Let g = 192 + -135. Suppose 2*l - 7 = g. List the prime factors of l.
2
Let n be (3/(-4))/(2/(-8)). Suppose -2*c + 96 + 4 = 0. Suppose n*d - c = 16. List the prime factors of d.
2, 11
Suppose 3*p + 3*l - 4*l - 7 = 0, p - 3*l = -3. Suppose 20 = -p*n - 10. What are the prime factors of (n - 1)/(0 + -1)?
11
Suppose 0 = -5*r - 4*v + 15, -5*v = -v. Suppose 3*j + 3*m - 6 = 24, r*m - 52 = -5*j. What are the prime factors of j?
11
Suppose 3*y + 2 = 11. Suppose -3*i + y + 3 = 0. Let p = 7 + i. What are the prime factors of p?
3
Suppose 2*g + 9 = u, 2*u - g - 4*g = 15. Let x = u - 7. What are the prime factors of (x/12)/((-2)/(-36))?
2, 3
Let b(s) = s. Let a be b(3). Suppose 0 = 5*v - 2*k + 25, k + k = -a*v + 1. List the prime factors of (-5 - -1)/(1/v).
2, 3
Let q be (-3)/(-1)*6/9. Suppose q*t = 12 - 2. Let a(x) = -x**3 + 4*x**2 + 6*x + 6. List the prime factors of a(t).
11
Let u(n) = n**2 + n. Let t(y) = -2*y**2 + 10*y + 3. Let g(v) = -t(v) - 3*u(v). Let r(b) = -b - 1. Let w(a) = g(a) - 4*r(a). What are the prime factors of w(-8)?
3
Suppose 0 = -4*k - 2*y + 2, -k - 8*y = -3*y + 4. Let f be k/1*2 + -71. What are the prime factors of 4/10 - f/15?
5
Suppose 0 = -7*z + z + 90. List the prime factors of z.
3, 5
Let f = 9 + -32. Let v = 27 - f. What are the prime factors of v/8 - (-3)/(-12)?
2, 3
Suppose 4*z + 49 = q, 0 = -3*z + 2*z - 2. List the prime factors of q.
41
What are the prime factors of 2/6 + 2737/51?
2, 3
Suppose -6*z = -z - 25. Suppose -s + 1 + z = -2*i, 0 = -3*s + 12. List the prime factors of (i*3 - -2)*-12.
2, 3
Let q = -8 - -6. List the prime factors of (-4 - -18)/(-1 - q).
2, 7
Suppose -13*i = -16*i + 270. List the prime factors of i.
2, 3, 5
Let u = 61 + -23. What are the prime factors of u?
2, 19
Suppose 5*o - 70 = 5*k, 2*o + 4 = -4*k + 2. List the prime factors of o.
3
Let v = 8 - 8. Suppose 4*z + 12 = 0, -3*s + 0*s + 2*z + 45 = v. List the prime factors of s.
13
Let q(b) = -3*b**3 + 2*b**2 - 3*b. Let s be q(2). Let m = s - -24. What are the prime factors of m?
2
Suppose 0*i + i - 4 = 0. Suppose -s - i*s = -40. Let c = 15 - s. List the prime factors of c.
7
What are the prime factors of (-1 - (-34)/(-4))*-2 - 3?
2
Suppose 0 = c + 1 - 2. Let z(n) = -c + 2*n - 4*n + 11*n. List the prime factors of z(1).
2
Suppose 0 = -6*j + 2*j - 5*d - 39, 5*d + 3 = 2*j. Let s = j - -10. Suppose 0 = -s*g + w + 21, -2*g - 5*w + 20 = 3*g. What are the prime factors of g?
5
Let r = -5 - -10. List the prime factors of (-4)/(-10)*r + 37.
3, 13
Let r(w) = w + 11. Let z be r(-6). Suppose -3*d = 3*u - 43 - 20, d = -z*u + 17. List the prime factors of d.
2, 11
Suppose -3*w = -6, -3*s - 6 = -w - 2*w. Suppose s*p = p - 9. What are the prime factors of p?
3
Suppose 4*w - 42 = -2*f, -3*f + 73 = -5*w - 12. What are the prime factors of f?
5
Let s = 29 - 20. Suppose 0*j + s = -j. What are the prime factors of 4/((-4)/j) - 1?
2
List the prime factors of (-2)/(-10) + -2*(-1345)/50.
2, 3
Let y be 4/(-10) + (-108)/(-20). Suppose -4*z - b - y = -2*z, 0 = z - 4*b - 20. Suppose -24 = -2*k - z. What are the prime factors of k?
2, 3
Suppose 14*u - 2907 - 33 = 0. What are the prime factors of u?
2, 3, 5, 7
Let r = -25 - -107. List the prime factors of r.
2, 41
Let p = -9 - -13. Suppose 5*m - 20 = -s, p = 5*m - 11. Let b = 7 + s. What are the prime factors of b?
2, 3
Let c = -2 + 8. Let f = 16 - c. Let w